reds digit of 469?
4
What is the tens digit of 1116?
1
What is the hundreds digit of 568?
5
What is the units digit of 4036?
6
What is the units digit of 1666?
6
What is the tens digit of 13400?
0
What is the thousands digit of 2104?
2
What is the ten thousands digit of 83398?
8
What is the hundreds digit of 725?
7
What is the thousands digit of 4822?
4
What is the units digit of 614?
4
What is the units digit of 564?
4
What is the units digit of 4804?
4
What is the tens digit of 873?
7
What is the hundreds digit of 144848?
8
What is the hundreds digit of 6502?
5
What is the hundreds digit of 4874?
8
What is the hundreds digit of 46442?
4
What is the hundreds digit of 5822?
8
What is the hundreds digit of 2377?
3
What is the hundreds digit of 1407?
4
What is the units digit of 58803?
3
What is the tens digit of 6120?
2
What is the ten thousands digit of 15077?
1
What is the hundreds digit of 3944?
9
What is the thousands digit of 10262?
0
What is the units digit of 14370?
0
What is the tens digit of 45397?
9
What is the ten thousands digit of 10325?
1
What is the hundreds digit of 6564?
5
What is the units digit of 494?
4
What is the hundreds digit of 3365?
3
What is the tens digit of 13438?
3
What is the units digit of 26261?
1
What is the ten thousands digit of 21565?
2
What is the units digit of 7745?
5
What is the hundreds digit of 816?
8
What is the hundreds digit of 28217?
2
What is the tens digit of 945?
4
What is the tens digit of 545?
4
What is the hundreds digit of 40165?
1
What is the units digit of 3621?
1
What is the hundreds digit of 533?
5
What is the hundreds digit of 118369?
3
What is the hundreds digit of 32094?
0
What is the tens digit of 11990?
9
What is the ten thousands digit of 74264?
7
What is the hundreds digit of 2434?
4
What is the hundreds digit of 1974?
9
What is the units digit of 1474?
4
What is the units digit of 59?
9
What is the tens digit of 807?
0
What is the ten thousands digit of 13770?
1
What is the hundreds digit of 5724?
7
What is the tens digit of 3869?
6
What is the tens digit of 51182?
8
What is the units digit of 13525?
5
What is the units digit of 12898?
8
What is the units digit of 34260?
0
What is the tens digit of 147?
4
What is the hundreds digit of 646?
6
What is the hundreds digit of 120?
1
What is the units digit of 2334?
4
What is the hundreds digit of 694?
6
What is the tens digit of 4541?
4
What is the hundreds digit of 648?
6
What is the units digit of 1227?
7
What is the tens digit of 1114?
1
What is the ten thousands digit of 16465?
1
What is the thousands digit of 7757?
7
What is the thousands digit of 19251?
9
What is the hundreds digit of 9691?
6
What is the units digit of 3613?
3
What is the units digit of 32085?
5
What is the hundreds digit of 24688?
6
What is the units digit of 94882?
2
What is the thousands digit of 2814?
2
What is the tens digit of 42287?
8
What is the units digit of 6235?
5
What is the hundreds digit of 381?
3
What is the hundreds digit of 13452?
4
What is the ten thousands digit of 20666?
2
What is the thousands digit of 7961?
7
What is the units digit of 5027?
7
What is the tens digit of 13624?
2
What is the units digit of 281?
1
What is the units digit of 52501?
1
What is the units digit of 158?
8
What is the tens digit of 1639?
3
What is the ten thousands digit of 28950?
2
What is the thousands digit of 67026?
7
What is the tens digit of 3810?
1
What is the units digit of 969?
9
What is the units digit of 1295?
5
What is the tens digit of 930?
3
What is the units digit of 783?
3
What is the units digit of 1863?
3
What is the hundreds digit of 131625?
6
What is the thousands digit of 2643?
2
What is the tens digit of 123136?
3
What is the hundred thousands digit of 133441?
1
What is the units digit of 5893?
3
What is the tens digit of 46822?
2
What is the ten thousands digit of 31430?
3
What is the units digit of 362?
2
What is the units digit of 552?
2
What is the units digit of 30894?
4
What is the tens digit of 34169?
6
What is the tens digit of 1092?
9
What is the hundreds digit of 209?
2
What is the units digit of 10366?
6
What is the units digit of 6420?
0
What is the thousands digit of 15925?
5
What is the hundreds digit of 153?
1
What is the tens digit of 310?
1
What is the units digit of 2686?
6
What is the thousands digit of 4344?
4
What is the hundreds digit of 2961?
9
What is the units digit of 75219?
9
What is the hundreds digit of 7880?
8
What is the tens digit of 5124?
2
What is the thousands digit of 16882?
6
What is the tens digit of 4618?
1
What is the units digit of 89976?
6
What is the hundreds digit of 7093?
0
What is the hundreds digit of 419?
4
What is the tens digit of 110671?
7
What is the thousands digit of 40453?
0
What is the thousands digit of 6772?
6
What is the thousands digit of 3617?
3
What is the hundreds digit of 3418?
4
What is the ten thousands digit of 70226?
7
What is the units digit of 85?
5
What is the thousands digit of 24057?
4
What is the hundreds digit of 58138?
1
What is the hundreds digit of 471?
4
What is the units digit of 166?
6
What is the thousands digit of 9229?
9
What is the ten thousands digit of 16082?
1
What is the hundreds digit of 2385?
3
What is the units digit of 10642?
2
What is the thousands digit of 6288?
6
What is the tens digit of 5177?
7
What is the tens digit of 294?
9
What is the units digit of 93042?
2
What is the tens digit of 16581?
8
What is the units digit of 3510?
0
What is the hundreds digit of 965?
9
What is the tens digit of 71431?
3
What is the ten thousands digit of 103797?
0
What is the ten thousands digit of 31489?
3
What is the thousands digit of 1147?
1
What is the tens digit of 5819?
1
What is the thousands digit of 11766?
1
What is the hundreds digit of 1442?
4
What is the tens digit of 3030?
3
What is the hundreds digit of 4134?
1
What is the ten thousands digit of 12203?
1
What is the hundreds digit of 7699?
6
What is the units digit of 3558?
8
What is the units digit of 6812?
2
What is the hundreds digit of 11543?
5
What is the ten thousands digit of 48205?
4
What is the units digit of 3740?
0
What is the thousands digit of 12875?
2
What is the hundreds digit of 2263?
2
What is the thousands digit of 23935?
3
What is the units digit of 526?
6
What is the tens digit of 2310?
1
What is the tens digit of 145783?
8
What is the units digit of 1840?
0
What is the hundreds digit of 341?
3
What is the hundreds digit of 1880?
8
What is the units digit of 44044?
4
What is the ten thousands digit of 55432?
5
What is the hundreds digit of 623?
6
What is the units digit of 644?
4
What is the tens digit of 513?
1
What is the units digit of 2884?
4
What is the units digit of 88325?
5
What is the thousands digit of 5751?
5
What is the tens digit of 1178?
7
What is the units digit of 435?
5
What is the tens digit of 3226?
2
What is the units digit of 8560?
0
What is the ten thousands digit of 18098?
1
What is the tens digit of 456?
5
What is the ten thousands digit of 12496?
1
What is the units digit of 22889?
9
What is the thousands digit of 17246?
7
What is the hundreds digit of 1914?
9
What is the units digit of 3101?
1
What is the thousands digit of 2535?
2
What is the tens digit of 680?
8
What is the hundreds digit of 2180?
1
What is the hundreds digit of 9331?
3
What is the units digit of 4278?
8
What is the hundreds digit of 8147?
1
What is the ten thousands digit of 37222?
3
What is the units digit of 83520?
0
What is the units digit of 14351?
1
What is the units digit of 60789?
9
What is the hundreds digit of 2903?
9
What is the units digit of 71096?
6
What is the units digit of 27101?
1
What is the hundreds digit of 141857?
8
What is the hundreds digit of 227?
2
What is the tens digit of 3025?
2
What is the tens digit of 2475?
7
What is the thousands digit of 1902?
1
What is the thousands digit of 131907?
1
What is the units digit of 1453?
3
What is the thousands digit of 55257?
5
What is the tens digit of 225?
2
What is the units digit of 24?
4
What is the hundreds digit of 2279?
2
What is the hundreds digit of 3111?
1
What is the units digit of 32756?
6
What is the tens digit of 49110?
1
What is the ten thousands digit of 119733?
1
What is the ten thousands digit of 115